at is 10 - 210122300?
-210122230
In base 7, what is -35224 - 0?
-35224
In base 12, what is -43a - -329?
-111
In base 16, what is -7 - -3ba8?
3ba1
In base 10, what is -5 + 19377?
19372
In base 14, what is -5 + 2ab9?
2ab4
In base 6, what is 3055 - -30?
3125
In base 14, what is 5 + -5d2c7?
-5d2c2
In base 2, what is 101 + 10001001100100111000?
10001001100100111101
In base 3, what is 2 - 1122120120001?
-1122120112222
In base 3, what is -12 + 1010211211?
1010211122
In base 6, what is 25543 + -1?
25542
In base 13, what is 21 - 17489?
-17468
In base 6, what is 40150 - -32?
40222
In base 15, what is 2 + 1195a?
1195c
In base 7, what is -3133326 - 2?
-3133331
In base 7, what is -345650 + 1?
-345646
In base 4, what is -13113111 + -233?
-13120010
In base 13, what is -a6b9 + -5?
-a6c1
In base 14, what is -113 - -ac8?
9b5
In base 6, what is 5 + 13404530?
13404535
In base 8, what is 1 + -110423?
-110422
In base 13, what is -9 - -12a6?
129a
In base 16, what is -19f89 + 6?
-19f83
In base 8, what is 136 + 72601?
72737
In base 16, what is 3 + -b6af8?
-b6af5
In base 12, what is -1 + 649?
648
In base 6, what is -3 - -143442?
143435
In base 16, what is 9 + 2d3db?
2d3e4
In base 14, what is -25994 - -1?
-25993
In base 2, what is 10011111011010100 + 10?
10011111011010110
In base 2, what is -11110 + 11101101110010?
11101101010100
In base 4, what is -100331 - 10?
-101001
In base 13, what is 21 - 7ca?
-7a9
In base 13, what is -b72 + 0?
-b72
In base 4, what is 1 - 1221320?
-1221313
In base 12, what is -19 - -44?
27
In base 10, what is 0 - 4502?
-4502
In base 2, what is 1111111111101101110 + 11?
1111111111101110001
In base 5, what is 41032034 - -4?
41032043
In base 12, what is 944 - -51?
995
In base 10, what is 2 + -5052?
-5050
In base 4, what is -122110003 + -30?
-122110033
In base 4, what is -1132133 - 3?
-1132202
In base 7, what is 1042 - -1042?
2114
In base 6, what is -2 - 322415?
-322421
In base 10, what is 8444 + 17?
8461
In base 15, what is -7977 - -1?
-7976
In base 8, what is -3 - -167176?
167173
In base 7, what is -6213 - 26?
-6242
In base 4, what is -22033320320 - -2?
-22033320312
In base 7, what is -1053 - -4516?
3433
In base 14, what is 12916c + -1?
12916b
In base 4, what is 10301303112 - 2?
10301303110
In base 9, what is -4523 - 4?
-4527
In base 7, what is -22001 + 123?
-21545
In base 7, what is 1025214 + 24?
1025241
In base 5, what is 114040 + 4?
114044
In base 2, what is 0 - -10111010111111?
10111010111111
In base 11, what is 4 - -7939?
7942
In base 12, what is -1444 + -72?
-14b6
In base 8, what is 142 - -14650?
15012
In base 12, what is -aa460 - 5?
-aa465
In base 5, what is 31 + 333132?
333213
In base 6, what is -5 + 114512?
114503
In base 4, what is -2 - 1202311?
-1202313
In base 15, what is 689 + -4?
685
In base 6, what is 344303241 + 1?
344303242
In base 5, what is -320113424 + 3?
-320113421
In base 6, what is -3 + -132143?
-132150
In base 5, what is -121231 - -12331?
-103400
In base 6, what is -31 - 3034243?
-3034314
In base 3, what is 1022011 + -11122?
1010112
In base 6, what is 4342 - 44?
4254
In base 11, what is -4468 - -6?
-4462
In base 4, what is -22320 + -211233?
-300213
In base 6, what is -2 + -22051?
-22053
In base 14, what is -5b + bb?
60
In base 9, what is -3 - 4131?
-4134
In base 2, what is -1100101000101 - -11?
-1100101000010
In base 16, what is ac0f - 2?
ac0d
In base 10, what is 123879 + -5?
123874
In base 14, what is -12 + b38?
b26
In base 15, what is 95 + -234?
-18e
In base 11, what is -4426 - 40?
-4466
In base 8, what is 1646 + 105?
1753
In base 9, what is 63 + -6741?
-6667
In base 6, what is 2 + 53441?
53443
In base 11, what is 18470 + 13?
18483
In base 11, what is 11110 - a?
11101
In base 13, what is -197 + 69?
-12b
In base 14, what is 298d1d + 2?
298d21
In base 3, what is -2 + -20111211202?
-20111211211
In base 15, what is 85596 + -5?
85591
In base 9, what is 470 - 156?
313
In base 2, what is -100000010111 + 1000111?
-11111010000
In base 5, what is -1002 + 4034?
3032
In base 3, what is 201021 - -120101?
1021122
In base 4, what is 2101021 - 3?
2101012
In base 14, what is 2 + -49acb?
-49ac9
In base 11, what is 7 + 6700?
6707
In base 11, what is -7657a + -2?
-76581
In base 4, what is 31 - -110323?
111020
In base 9, what is 5 + 3510?
3515
In base 9, what is 74 + -2183?
-2108
In base 16, what is 0 + -aab?
-aab
In base 7, what is -10 - -104625?
104615
In base 11, what is 539a9 + 2a?
53a28
In base 8, what is -602 + 1543?
741
In base 14, what is -cb - 1dd0?
-20bb
In base 8, what is -4 - -26700?
26674
In base 14, what is 4 + -c4b9?
-c4b5
In base 10, what is -580 - 108?
-688
In base 11, what is 5 - -165992?
165997
In base 15, what is -8c + 193?
106
In base 5, what is -14423322 + 23?
-14423244
In base 7, what is 5 + -1363543?
-1363535
In base 5, what is -1040 + 1421?
331
In base 7, what is 14 + 1331650?
1331664
In base 8, what is -147 - -1522?
1353
In base 5, what is -3021203 + 11?
-3021142
In base 9, what is -2321 + -146?
-2467
In base 10, what is 11676 + 14?
11690
In base 16, what is -31da - c?
-31e6
In base 15, what is -2 - 54e23?
-54e25
In base 11, what is -1 + -5588?
-5589
In base 4, what is -11 + -2021220?
-2021231
In base 12, what is 4a + -22b?
-1a1
In base 12, what is 321 - 26?
2b7
In base 3, what is -12201 + 11110202?
11021001
In base 5, what is -42 - 23342?
-23434
In base 4, what is 220230 - -10?
220300
In base 7, what is 33314 - 306?
33005
In base 9, what is 4 - 1123775?
-1123771
In base 9, what is -6 + -3658?
-3665
In base 2, what is -1 - 1001100010001100100?
-1001100010001100101
In base 13, what is -12057 + -32?
-12089
In base 13, what is 3 + 468a?
4690
In base 9, what is 51836 - 120?
51716
In base 16, what is -e86 + 49?
-e3d
In base 15, what is -4 + -29a7?
-29ab
In base 2, what is 110110101111 + -10101?
110110011010
In base 5, what is -2340022 - -12?
-2340010
In base 3, what is -1110012102 - 101?
-1110012210
In base 16, what is 0 + 56b16?
56b16
In base 6, what is 141021 + -1?
141020
In base 16, what is 5b460 - 5?
5b45b
In base 6, what is 11 - -353354?
353405
In base 6, what is 1 + -141431?
-141430
In base 4, what is 102132 - 121?
102011
In base 6, what is 3055242 - -4?
3055250
In base 16, what is 10 + 180?
190
In base 3, what is 1212001121 - -12?
1212001210
In base 3, what is 111210110 + -2210?
111200200
In base 13, what is c + 1750?
175c
In base 11, what is 3797 - -3?
379a
In base 9, what is -1130 + -10?
-1140
In base 14, what is 8564 - -18?
857c
In base 4, what is -2201103120 + 3?
-2201103111
In base 8, what is 2 + -1530332?
-1530330
In base 10, what is 13580 + 8?
13588
In base 14, what is 24 - -7c5?
809
In base 2, what is -1000 + 10111010110010?
10111010101010
In base 5, what is 4114311 - -2?
4114313
In base 4, what is 3 - 10232030?
-10232021
In base 6, what is 3 + -135100?
-135053
In base 8, what is -1550575 - -4?
-1550571
In base 2, what is -11 + 1011111010010?
1011111001111
In base 14, what is 17 - -17d0?
1807
In base 15, what is 7b03 + -d?
7ae5
In base 13, what is 9 + -82b5?
-82a9
In base 16, what is 1 - -1c9?
1ca
In base 2, what is -10001101111001001 + -10000?
-10001101111011001
In base 12, what is -3841a2 + 5?
-384199
In base 13, what is -7 - 16007?
-16011
In base 9, what is -31335 - 5?
-31341
In base 12, what is 2340a - -3?
23411
In base 9, what is 2 - -1540618?
1540621
In base 9, what is -6674 - 11?
-6685
In base 3, what is 1200212202 - 10120?
1200202012
In base 13, what is -659 + 15?
-644
In base 16, what is -1 + -53a6?
-53a7
In base 6, what is 1 - -112510?
112511
In base 15, what is 1 - -1a337?
1a338
In base 3, what is -120112 + -22201?
-220020
In base 11, what is -65324 + -5?
-65329
In base 8, what is 230 + -32620?
-32370
In base 15, what is -ea - -52?
-98
In base 2, what is 10 + -11001111100101?
-11001111100011
In base 13, what is c5b8 + -5?
c5b3
In base 10, what is -292 + -4220?
-4512
In base 15, what is -1e52 - -2d?
-1e24
In base 7, what is 16201100 - 1?
16201066
In base 3, what is -2 - -1221211201?
1221211122
In base 15, what is -701 + 2b?
-6c5
In base 7, what is -3234 - -152?
-3052
In base 2, what is -110 - 10110010011110100000?
-10110010011110100110
In base 4, what is -1313031 - -12?
-1313013
In base 2, what is 1010101100100011 + 101?
1010101100101000
In base 13, what is 12ba + 12?
12cc
In base 15, what is 3